 1349, -5*q = 3*z - b. What are the prime factors of q?
7, 97
Let l(o) = 112*o**2 - 93*o + 901. What are the prime factors of l(10)?
11171
Let f(n) = -n**3 + 10*n**2 + 2. Let t be f(10). Suppose t*i + 4*c + 18 = 0, 0 = -2*i + c + 1 - 4. What are the prime factors of (58 + i)/5 - 1?
2, 5
Suppose 7*r - 20 = 3*r, 0 = 2*j - 3*r - 1311. Suppose -d = m - 6*d - j, -5*d = -3*m + 2019. List the prime factors of m.
2, 3, 113
Let q = -3724 + 5680. What are the prime factors of q?
2, 3, 163
Let v(d) = 7*d**3 + d**2 + d - 6. Let n be v(6). Let q = -970 + n. List the prime factors of q.
2, 17
Suppose -213*k + 233*k = 1101600. List the prime factors of k.
2, 3, 5, 17
Suppose -3*j = 5*z - 10779, -3*z + 5*j - 4*j = -6459. What are the prime factors of z?
2, 3, 359
Let n be (1 - -4)*4/10. Suppose 0 = l - o - 182, -4*l + 334 = -n*o - 394. Let h = l - 94. List the prime factors of h.
2, 11
Suppose 5*x - 65590 - 98660 = -5*y, 0 = -3*y - 2*x + 98558. What are the prime factors of y?
2, 7, 2347
Let d(g) = -2*g**2 - 20*g - 14. Let v(u) = -4*u - 7. Let i be v(0). List the prime factors of d(i).
2, 7
Let l be 42/(-6) - (-6433)/7. Suppose 130*n = 127*n + l. List the prime factors of n.
2, 19
Let h be (25/15)/(2/(-20))*36. Let b = -266 - h. What are the prime factors of b?
2, 167
Let u be (-9)/6 + (-81)/18. Let n be -2*((-36)/27 - 2/u). Suppose r + f = 72, 2*r + n*r = -3*f + 289. List the prime factors of r.
73
Let g(x) = -20*x**2 - x - 2. Let h be g(2). Let j = h - -89. Suppose j*m + 4*k - 270 - 687 = 0, 0 = -2*k + 6. What are the prime factors of m?
3, 7
Let l = 3275 + 6717. What are the prime factors of l?
2, 1249
Suppose 76*o - 34*o - 1393182 = 0. List the prime factors of o.
3, 11057
Let h = -34 + 36. Let i(o) = -17*o - 20 - 6*o - o**h + 7*o. List the prime factors of i(-13).
19
Let l(c) = c**3 + 4*c**2 - 12*c + 2. Let s be l(-6). Let u = 4 - -4. What are the prime factors of (44 - -1) + u/s?
7
Let i(b) = -33*b**3 - 59*b**2 - 107*b + 4. What are the prime factors of i(-7)?
9181
What are the prime factors of ((-476608)/40)/4*(-5)/2?
11, 677
Let i(c) = -4*c + 10. Suppose 31*n = 28*n - 111. Let z = -44 - n. What are the prime factors of i(z)?
2, 19
What are the prime factors of 7979/2 - (-126)/(-36)?
2, 1993
Let u = -17594 + 35395. What are the prime factors of u?
7, 2543
Let m = 240 + -229. Suppose -m*s + 920 + 3876 = 0. List the prime factors of s.
2, 109
Suppose 400438 = 5*t + 139363. Suppose 0 = -52*x - 7*x + t. What are the prime factors of x?
3, 5, 59
Suppose -3*v = 5*s - 82, 3*v - 4*v - 52 = -4*s. Let t = 18 - -72. Let q = t + s. List the prime factors of q.
2, 13
Let j(z) = 3991*z + 288. What are the prime factors of j(11)?
44189
Suppose 0 = 3*m - 2*m. List the prime factors of m/6 + 320/1.
2, 5
Let o(g) = -2 - 1 - 6 + 15*g - 2. Let f(x) = -14*x + 10. Let b(h) = -4*f(h) - 3*o(h). List the prime factors of b(8).
3
Let g(x) = 19*x**3 - 15*x**3 - x + 5*x**2 - 19 + 6 + 2. List the prime factors of g(4).
3, 107
Let c(k) = 2 - 11*k - k**3 + 3 + 13 - 12*k**2. Let i(s) = 5*s**3 - 17*s**2 + 2*s + 1. Let f be i(3). What are the prime factors of c(f)?
2, 3
Let u = -18 + 28. Let t be ((-1028)/u)/(42/(-105)). Suppose -418 = -5*h + 2*l, 5*h + 5*l - t = 2*h. List the prime factors of h.
2, 3, 7
Let k be (-100)/(-16) + (-3)/12. Let m be 2*3*(2 + 0). Let s = m - k. What are the prime factors of s?
2, 3
Suppose 46*i - 50*i - 4*w = -276860, i + 5*w - 69231 = 0. What are the prime factors of i?
67, 1033
Let f(l) = -3026*l + 2882. List the prime factors of f(-21).
2, 16607
Let f(t) be the first derivative of 1/3*t**3 - 14 + 1/2*t**4 + 1/2*t**2 - 12*t. List the prime factors of f(4).
2, 17
Let s be (-5 - -6)*(-28 - 3). Let n = 126 + s. Let d = n - 54. What are the prime factors of d?
41
Suppose 0 = -x - 2*z + 586, 2*z + 888 = 5*x - 2066. Suppose 5*v - 280 - x = 0. List the prime factors of v.
2, 3, 29
Let z(r) = 8*r**2 + 17*r. Let h be z(15). Let k = h + -1418. List the prime factors of k.
7, 13
Suppose 428*l - 38840 = 418*l. List the prime factors of l.
2, 971
Let q(d) = 9*d**2 + 5*d - 8. Let w(c) = -3 + 10*c - 1 - 1. Let m be w(1). List the prime factors of q(m).
2, 11
What are the prime factors of 247120/24 + (-8 - 217/(-21))?
3, 3433
Let b be (2319/(-6))/((-4)/32). Suppose 20 = -5*p, -b = -4*g + 11*p - 8*p. List the prime factors of g.
2, 5, 7, 11
Suppose -165*q + 475 = -160*q. Let b = 3 + 3. What are the prime factors of b/10 - (-8493)/q?
2, 3, 5
What are the prime factors of (-13 - (-162436)/32) + (-2)/16?
61, 83
Let c = 34 + -32. Suppose 0 = 4*g + 12, 19 = 2*n - 3*g - c*g. Suppose 2*s = 4*s + n*i - 126, i = -1. List the prime factors of s.
2
Suppose -4*h + 98889 = -z, -2318 - 22371 = -h + 5*z. List the prime factors of h.
2, 7, 883
Let y(i) = i**3 + 6*i**2 - 3*i + 5. Let h(o) = o**3 + 18*o**2 - 20*o - 17. Let u be h(-19). Let a be 16/(-3) + u/(-3). What are the prime factors of y(a)?
23
Let z = 31283 + -28462. List the prime factors of z.
7, 13, 31
Suppose 0*b + 5*c = b - 9, 4*b - c + 2 = 0. Let z be (-1)/(-6)*3*(-3 - b). What are the prime factors of (-5)/((-20)/456) + 3/z?
3, 37
Suppose -4*g - 3*h = -2*h - 65106, 0 = g + 2*h - 16287. What are the prime factors of g?
3, 5, 7, 31
Let s(o) = -1008*o**3 - o**2 + 1. Let m be s(-1). Let a = 1413 - m. Suppose 675 = 6*x - a. List the prime factors of x.
2, 3, 5
Let k be ((384/(-30))/(-2))/((-2)/(-65)). Suppose 5*a + 5*u - 3860 = 0, a - 5*u = 552 + k. List the prime factors of a.
2, 5, 7, 11
Let w be 6*(-1 - 33/(-18)). Let x = w - -75. Let z = x + -15. What are the prime factors of z?
5, 13
Let x(r) = 53*r**2 - 31*r + 34. List the prime factors of x(19).
2, 7, 1327
Suppose 571 = 11*m - 4093. Suppose 215 + 82 = -j. Let y = m + j. What are the prime factors of y?
127
Suppose 4*v + 3*p - 24177 = 0, 0*p = -p - 1. List the prime factors of v.
3, 5, 13, 31
Let p be 4/((-9)/(-6) + -1). Suppose -f = p*f - 45. Suppose 69 = k + 3*a - 103, 0 = -f*k - 4*a + 827. List the prime factors of k.
163
Let v be 3/(-6) + (-2191)/(-14). Let w = -50 - 9. Let r = w + v. What are the prime factors of r?
97
Let p(x) = -5*x - 2. Let j(q) = -q**3 + 3*q**2 - 6*q + 10. Let v be j(4). Let n be -30*(8/(-14))/(v/21). What are the prime factors of p(n)?
2, 29
Let o(g) = 49*g + 3. Let z be o(7). Let f = z - -27. Suppose -x + 2*u = 3*x - 454, -f = -3*x - 5*u. List the prime factors of x.
2, 29
Let v(x) = 5*x**2 + 8*x - 40. Let p be v(4). List the prime factors of ((-65)/(-2))/(3/p*4).
3, 5, 13
Suppose -35018*x = -35029*x + 29260. List the prime factors of x.
2, 5, 7, 19
Suppose -37*p = 315*p - 3309504. What are the prime factors of p?
2, 3, 1567
Let w = -2606 + 4077. List the prime factors of w.
1471
Let y(b) = 5*b**2 + 116*b - 2719. List the prime factors of y(20).
1601
Let s be -7 - (-5 - -4) - -2067. Suppose 3*x + 269 = -2*t + s, -3*x + 1784 = 4*t. What are the prime factors of x?
2, 3, 5
Suppose 0 = -2*n - 3*k - 337, -58*n = -54*n - 4*k + 724. Let r(h) = 68*h**2 - 2*h - 3. Let x be r(-2). Let w = n + x. List the prime factors of w.
97
Let m(r) = 2*r**2 - 56*r - 3171. What are the prime factors of m(84)?
3, 7, 11
Let k = 356 + -352. Suppose 3*p + k*h = 78, -17*p - 4*h - 72 = -19*p. List the prime factors of p.
2, 3, 5
Suppose 2*m - 2*s - 30146 = 0, -4*m - s + 48375 = -11927. List the prime factors of m.
3, 5, 67
Suppose o - 5*o + 12 = -4*j, 2*j - 6 = 0. Suppose -23*y + o*y + 34 = 0. Suppose -4*g - 4 = 0, -y*a + g + 83 = -4*g. What are the prime factors of a?
3, 13
List the prime factors of (-27)/((-39273)/13078 - -3).
2, 3, 503
Suppose -4*v + 2*h = -16, -v = 5*h - 6*h - 3. What are the prime factors of -3 + 535 + v - (-3 - 2)?
2, 271
Let z(h) = 10*h - 6. Let t be z(6). Let g be (18/4)/(t/72). Let u(j) = 10*j + 18. List the prime factors of u(g).
2, 3, 13
Let v(y) = 7*y - 8. Suppose 2*c + 24 = -4*l, 5*l + 60 = 4*c + c. Let i be (-4)/l*1*20. List the prime factors of v(i).
2, 31
Let q = 33 - 18. Suppose 2*x + 2 - 7 = -d, 3*x + q = 3*d. Suppose -s + 4*c = -13, -5*s + 140 = -0*s + d*c. What are the prime factors of s?
5
Let y(v) = 24*v - 46 - 19*v - 8*v. List the prime factors of y(-31).
47
Let x be (6 + -7)*(-22 + 2). Suppose -3*l = x*l - 9959. List the prime factors of l.
433
Let l(r) = -51*r + 25. Let z be l(-5). Suppose -16*s + 11*s + z = 0. Suppose 0 = -4*v +